Let p be g(7). Calculate the highest common factor of p and 46.
2
Let l(w) = -18*w + 182. Let d be l(7). Suppose -4*g - d + 131 = -5*f, 2*f - 82 = -4*g. Calculate the highest common divisor of 25 and g.
5
Let k(j) = j**2 + 14*j + 33. Let t be k(-11). Let v be 4/6*(15 - -3). Let c be -3 - (t + -4)*v. Calculate the highest common divisor of 9 and c.
9
Suppose 19*n - 329 = 18*n - 2*f, 939 = 3*n - 10*f. Calculate the greatest common divisor of 133 and n.
19
Let k = -65 + 71. Suppose k*a + 188 = 1244. Calculate the highest common factor of 16 and a.
16
Let y(p) = 27*p + 820. Let q be y(-30). What is the highest common factor of q and 48?
2
Suppose 0 = -4*s + 12 + 20. Suppose -73 - 31 = -3*m - 4*r, -4*r = -s. Suppose 0 = -3*f + 112 + 272. Calculate the highest common factor of f and m.
32
Let f = 116 + -242. Let q be 2/(-14) - 1026/f. What is the highest common divisor of q and 40?
8
Let n(v) = 8*v**2 + 60*v - 20. Let f be n(-8). Let x = 279 + -195. Calculate the greatest common factor of x and f.
12
Let h(x) = 2 - 9 - 4 - 10*x - 1 + 14*x**2. Let v be h(-6). Calculate the greatest common divisor of v and 69.
69
Let q(g) = -6*g - 6. Suppose -16 = -4*b, -3*b - b = -4*a - 28. Let r be q(a). Let o be (-6)/4 - (-186)/r. Calculate the greatest common divisor of o and 35.
7
Let y be -1*(-4)/(-16) + 0 + (-124040)/(-32). What is the highest common divisor of y and 204?
204
Suppose -50*f + 51*f = 2*o - 101, -2*f + 6 = 0. What is the highest common factor of o and 2834?
26
Suppose -2*u - 642 = -184. Let v = -195 - u. What is the highest common factor of v and 442?
34
Let h(m) = 325*m - 5725. Let u be h(18). Let a = 594 - 244. What is the greatest common factor of u and a?
25
Let t(d) = -8*d**3 + 7*d**2 + 34*d + 63. Let f be t(-8). Calculate the greatest common divisor of f and 30.
15
Let o be 23/4 + 2/8. Suppose -2*v - 274 = 2*b + 214, -3*b + 4*v = 718. Let w = 251 + b. Calculate the greatest common factor of o and w.
3
Suppose 0 = 3*i + 3*k - 2133, -5*i + 54*k + 3534 = 56*k. What is the highest common divisor of 320 and i?
64
Suppose 0 = -3*s - 57 + 78. Suppose -s*z + 26 = -9*z. Let x = 33 + z. What is the greatest common divisor of x and 4?
4
Let u = 616 - 614. Suppose 0 = -h - 0*h + 4*x + 310, -u*x - 8 = 0. Calculate the highest common divisor of 126 and h.
42
Suppose 0 = -42*r + 105 + 63. Suppose j - 76 = -5*m, 7*m = r*m - 2*j + 40. What is the greatest common divisor of 592 and m?
16
Let a be (-10)/(-2) + (-8)/(48/(-1050)). Suppose 6*f = -a + 1260. Calculate the highest common divisor of 45 and f.
45
Let l(q) = -q**3 - 33*q**2 + 596*q - 294. Let u be l(-51). What is the highest common factor of u and 84?
84
Suppose -7*k + 895 = 69. Let m = k - -34. Suppose 2*w - 3*c = m, c - 430 = -5*w - 84. Calculate the greatest common factor of w and 10.
10
Let r(b) = -291*b - 577. Let n be r(-2). Let l(k) = 10*k**2 + 3*k + 1. Let s be l(-2). What is the highest common divisor of s and n?
5
Suppose -3*c + 13 = -2*f, 0 = 4*c - 5*f - 4 - 18. Let o be (5 - c - 2) + 2. What is the greatest common divisor of 6 and o?
2
Let o be (-540)/(-5)*((-6)/(-9) - -2). Let w = 32 + o. Let l be ((-20)/(-3))/(2/12). What is the greatest common divisor of l and w?
40
Let z = 151 - 149. Suppose z*c - 28 = -4*q, q - 10 = -2*c - 0*c. Suppose -13*t = -q*t - 1575. What is the greatest common factor of 9 and t?
9
Let r be 3 - -12 - 2 - -32. Calculate the highest common factor of r and 765.
45
Let b = 800 - 438. Suppose k - 292 = -4*n, b = 4*n + n + 2*k. Let p(o) = 3*o**2 - 19*o + 75. Let x be p(10). What is the highest common divisor of n and x?
37
Let x(o) be the first derivative of -o**4/4 + 3*o**3 + o**2/2 + 16*o - 35. Let j be x(10). Let a = -53 - j. Calculate the greatest common factor of a and 42.
21
Suppose 0 = -2*l + 8, 2*k = -29*l + 28*l + 124. Let b(n) = 2*n**3 + 5*n**2 - 14*n + 23. Let i be b(3). Calculate the greatest common divisor of i and k.
20
Let q be (2/(-2))/((-1)/5). Suppose -2*u - 3*m + 132 = 0, q*m = -7*u + 3*u + 262. Let j = u - 31. Calculate the highest common factor of 24 and j.
8
Suppose -20*i = -18*i + 4*m - 96, -6*i - 2*m = -228. Calculate the greatest common factor of 10548 and i.
36
Let y be (14 - 13)*(83 + -36). What is the greatest common factor of y and 4?
1
Let t be 3/12*-4*-1 + 9. Let q be ((-4)/t)/((-50)/28000). Calculate the highest common divisor of q and 42.
14
Suppose 4*b - 568 = -4*s - 4, -3*b + 421 = 5*s. Let u = -51 + b. Let t = -87 + u. Calculate the greatest common factor of 76 and t.
4
Suppose 0 = 5*j + 5*t - 431 + 41, -147 = -2*j + t. Let d be ((-9)/6)/(j/(-15400)). Calculate the greatest common divisor of 56 and d.
28
Suppose 684000 = 423*h - 327*h. Calculate the greatest common divisor of h and 45.
15
Let q be ((-22389)/2195)/(6/(-140)). Suppose 6*i = -0*i + 168. What is the greatest common factor of q and i?
14
Let v be (-160)/60 + (40/6 - -2). What is the highest common factor of 726 and v?
6
Let z be ((-72)/63)/((-12)/51072). What is the greatest common divisor of 3344 and z?
304
Suppose 8034*d + 432 = 8040*d. Suppose -3*i - 6 + 12 = 0. Suppose 3*r + i*r = 45. Calculate the highest common divisor of r and d.
9
Let a(u) = -18*u - 151. Let o be a(-15). Let c = o + -90. What is the greatest common divisor of 116 and c?
29
Suppose -173 = -8*a + 403. What is the highest common factor of a and 776?
8
Let w(u) = 47*u**2 + 36*u - 3. Let n be w(3). What is the greatest common factor of n and 156?
12
Let n = 717 + -712. Suppose -5*i + i - 3*q = -55, n*i + 5*q = 75. Let u be 2/(-8) + (-281)/(-4). Calculate the greatest common divisor of u and i.
10
Suppose 0 = 9*s - 67 - 14. Suppose 986 = -8*u + 1106. What is the highest common divisor of u and s?
3
Let n(o) = 4*o**2 - o + 2. Let x be n(2). Suppose 3*c = h + 13, 5*c - 37 = -3*h - 48. Suppose c*g - x = 218. What is the highest common divisor of g and 39?
39
Suppose 2*v = -2*h + 816, 0 = 124*h - 128*h + 3*v + 1576. What is the highest common divisor of h and 190?
10
Suppose -20 = u + 3*u. Let y be ((-5)/((-35)/18))/((-69)/(-85330)). Let i be (y/(-16))/u - (-6)/(-8). Calculate the greatest common factor of 52 and i.
13
Suppose 111*u + 400 = 119*u. Let y = 55 - 29. Let c = u - y. Calculate the highest common divisor of c and 3.
3
Let h be 2 + -8 - (-10 + -65 - -6). What is the highest common factor of h and 56?
7
Let y(f) = 2*f**2 - 4*f - 25. Let p be y(5). Suppose -p*q + 1088 - 268 = 0. What is the highest common factor of q and 123?
41
Let k(q) = 467*q**2 - 170*q - 18. Let s be k(5). Calculate the highest common factor of s and 428.
107
Let c = 2308 - 2284. Let i be -77*(190/(-119) - (-8)/(-68)). What is the highest common factor of i and c?
12
Let p = -22267 - -22338. Calculate the greatest common divisor of 17 and p.
1
Let c = 149 - 150. Let n(g) = -12*g**3 + 2*g**2 - 1. Let l be n(c). What is the highest common factor of 65 and l?
13
Suppose 93*k - 3 = 92*k, 9 = -3*j + 3*k. Suppose 76 = 5*y + 26. Suppose 2*s + j*s - y = 2*o, 4*s + 5*o + 7 = 0. What is the highest common factor of 18 and s?
2
Suppose 103*i - 42*i + 56*i - 998478 = 0. Calculate the highest common factor of 34 and i.
34
Suppose 249*m = 274*m - 27707 + 1207. Calculate the greatest common factor of m and 820.
20
Let q = 3 + -21. Let v = q - -27. Let f(z) = 57*z - 1494. Let u be f(27). What is the highest common divisor of u and v?
9
Suppose 81*v - 80*v = 2*n + 1715, -4*n = v - 1715. What is the highest common divisor of 14 and v?
7
Suppose -14330 = -6*b - 13532. What is the greatest common factor of b and 7049?
133
Let r(m) = 2*m**3 - 84*m**2 + 306*m - 55. Let u be r(38). Let d(t) = 2*t**2 + 2*t + 4. Let c be d(3). What is the greatest common factor of u and c?
7
Let q be (-1)/(-5) - 122/10. Let v = -9 - q. Let a be v/(-1) - 156/(-2). Calculate the highest common divisor of 30 and a.
15
Let p(z) = -z**3 + 3*z**2 + 5*z - 1. Let t be p(4). Suppose t = -3*q + 81. Suppose q*x = 30*x - 72. What is the greatest common divisor of x and 12?
6
Let s = -4835 - -6648. What is the greatest common factor of 196 and s?
49
Let s(u) = -u**3 + 5*u**2 + 3. Let l be s(5). Suppose -1 - 107 = -l*r. Let i = r + 4. Calculate the greatest common factor of 16 and i.
8
Let a = 24 + 32. Let f be (a/(-3))/(8/(-12)). Calculate the greatest common factor of 84 and f